sor of 518 and 37?
37
Calculate the greatest common factor of 2418 and 312.
78
Calculate the greatest common factor of 14 and 2282.
14
Calculate the greatest common factor of 220 and 30.
10
What is the highest common factor of 325 and 50?
25
Calculate the greatest common divisor of 25 and 3200.
25
What is the highest common factor of 49 and 1127?
49
Calculate the highest common divisor of 28 and 8281.
7
What is the highest common factor of 9 and 39?
3
What is the highest common divisor of 899 and 29?
29
What is the greatest common divisor of 5 and 3910?
5
Calculate the greatest common factor of 80 and 176.
16
Calculate the greatest common divisor of 20 and 1835.
5
Calculate the greatest common factor of 10 and 50.
10
What is the highest common divisor of 126 and 210?
42
Calculate the greatest common factor of 247 and 13.
13
What is the greatest common factor of 16 and 128?
16
Calculate the greatest common factor of 30 and 2290.
10
What is the highest common divisor of 96 and 3?
3
What is the highest common factor of 1781 and 13?
13
Calculate the greatest common divisor of 329 and 705.
47
What is the greatest common divisor of 448 and 352?
32
Calculate the greatest common factor of 1131 and 1053.
39
Calculate the greatest common factor of 13962 and 2506.
358
What is the greatest common divisor of 299 and 39?
13
What is the greatest common factor of 6154 and 34?
34
What is the greatest common divisor of 73 and 42121?
73
What is the greatest common divisor of 58 and 36714?
58
Calculate the highest common factor of 46 and 3266.
46
Calculate the greatest common factor of 9197 and 17.
17
What is the highest common divisor of 34 and 8?
2
What is the greatest common factor of 2314 and 208?
26
Calculate the greatest common divisor of 133 and 14.
7
What is the highest common factor of 187 and 176?
11
What is the greatest common divisor of 322 and 378?
14
Calculate the highest common divisor of 576 and 240.
48
Calculate the greatest common factor of 60 and 1236.
12
What is the highest common factor of 1998 and 135?
27
Calculate the highest common divisor of 406 and 667.
29
Calculate the highest common factor of 30 and 870.
30
What is the highest common factor of 558 and 27?
9
What is the highest common divisor of 583 and 742?
53
Calculate the greatest common factor of 5339 and 19.
19
What is the greatest common divisor of 85 and 2295?
85
Calculate the highest common factor of 56 and 182.
14
What is the greatest common divisor of 561 and 33?
33
Calculate the greatest common divisor of 26 and 32942.
26
What is the highest common divisor of 192 and 464?
16
Calculate the highest common divisor of 352 and 5940.
44
Calculate the greatest common factor of 1674 and 6975.
279
What is the highest common divisor of 470 and 50?
10
What is the greatest common divisor of 165 and 3575?
55
Calculate the highest common factor of 28 and 146.
2
Calculate the greatest common factor of 224 and 7.
7
Calculate the greatest common divisor of 70 and 130.
10
What is the greatest common factor of 133 and 152?
19
What is the highest common divisor of 35 and 7?
7
Calculate the highest common divisor of 304 and 190.
38
Calculate the greatest common factor of 357 and 102.
51
Calculate the greatest common factor of 68 and 731.
17
Calculate the greatest common divisor of 80 and 6704.
16
Calculate the highest common divisor of 15 and 345.
15
Calculate the greatest common divisor of 35 and 35.
35
Calculate the highest common divisor of 560 and 10.
10
What is the highest common factor of 30 and 13995?
15
What is the greatest common factor of 210 and 560?
70
What is the greatest common divisor of 61 and 610?
61
What is the highest common factor of 224 and 308?
28
Calculate the highest common divisor of 146 and 657.
73
Calculate the greatest common divisor of 17 and 323.
17
Calculate the greatest common factor of 3585 and 60.
15
What is the greatest common divisor of 750 and 4350?
150
What is the greatest common factor of 280 and 196?
28
What is the greatest common divisor of 290 and 7598?
58
Calculate the highest common factor of 345 and 120.
15
Calculate the greatest common divisor of 273 and 65.
13
Calculate the highest common divisor of 105 and 21.
21
Calculate the greatest common factor of 7 and 91.
7
What is the greatest common factor of 13880 and 120?
40
Calculate the highest common factor of 6675 and 525.
75
What is the greatest common divisor of 7940 and 210?
10
What is the highest common factor of 52 and 12?
4
Calculate the greatest common divisor of 2560 and 192.
64
Calculate the highest common factor of 138 and 3174.
138
What is the greatest common divisor of 14 and 2681?
7
Calculate the greatest common factor of 16244 and 124.
124
What is the highest common divisor of 85 and 8755?
85
Calculate the highest common divisor of 42 and 12.
6
What is the greatest common divisor of 6 and 1722?
6
What is the highest common factor of 7942 and 57?
19
What is the greatest common factor of 51 and 26486?
17
Calculate the highest common divisor of 1358 and 42.
14
Calculate the highest common factor of 1564 and 138.
46
Calculate the greatest common factor of 522 and 84.
6
What is the highest common divisor of 60 and 16780?
20
What is the greatest common divisor of 3080 and 224?
56
What is the highest common factor of 18 and 1284?
6
Calculate the highest common divisor of 9 and 72.
9
Calculate the greatest common factor of 721 and 6077.
103
Calculate the greatest common factor of 42770 and 7.
7
Calculate the greatest common divisor of 219 and 3.
3
Calculate the highest common divisor of 232 and 11890.
58
What is the highest common factor of 7 and 63?
7
Calculate the highest common divisor of 370 and 1280.
10
What is the highest common divisor of 42 and 168?
42
Calculate the greatest common factor of 153 and 17.
17
What is the highest common divisor of 40 and 90?
10
What is the greatest common factor of 108 and 1284?
12
What is the highest common divisor of 210 and 6?
6
What is the highest common divisor of 2156 and 176?
44
What is the greatest common factor of 440 and 5940?
220
What is the greatest common factor of 198 and 72?
18
What is the greatest common factor of 190 and 152?
38
Calculate the greatest common divisor of 33 and 1419.
33
What is the highest common divisor of 7 and 3?
1
Calculate the highest common divisor of 572 and 44.
44
Calculate the highest common factor of 154 and 22.
22
What is the highest common factor of 594 and 165?
33
What is the greatest common divisor of 3640 and 50?
10
What is the highest common factor of 21902 and 233?
233
What is the highest common divisor of 36 and 26604?
36
Calculate the greatest common divisor of 43 and 17.
1
Calculate the highest common divisor of 35 and 2.
1
Calculate the greatest common factor of 4393 and 764.
191
Calculate the greatest common divisor of 16 and 56.
8
What is the greatest common factor of 37 and 1147?
37
What is the highest common factor of 16775 and 11?
11
Calculate the greatest common divisor of 32 and 128.
32
What is the highest common factor of 9672 and 117?
39
Calculate the highest common divisor of 20 and 270.
10
Calculate the greatest common factor of 30 and 60.
30
What is the greatest common divisor of 8 and 2?
2
Calculate the highest common factor of 238 and 646.
34
What is the highest common factor of 18 and 24?
6
Calculate the highest common factor of 21 and 6.
3
Calculate the greatest common factor of 726 and 6655.
121
Calculate the highest common divisor of 24 and 128.
8
Calculate the greatest common factor of 230 and 1035.
115
Calculate the highest common divisor of 689 and 39.
13
What is the greatest common divisor of 1328 and 160?
16
Calculate the highest common factor of 1403 and 183.
61
What is the greatest common factor of 8528 and 624?
208
Calculate the greatest common divisor of 25 and 15.
5
Calculate the highest common factor of 54 and 28962.
18
Calculate the greatest common factor of 4 and 314.
2
What is the highest common factor of 30 and 2390?
10
What is the highest common factor of 5668 and 780?
52
Calculate the highest common divisor of 5 and 605.
5
Calculate the greatest common factor of 143 and 26.
13
Calculate the highest common divisor of 35991 and 129.
129
What is the highest common facto